What are the prime factors of ((-20)/25)/(-2 + 249/i)?
2, 5
Suppose -2*l + 2639 = -5*s - 467, -2*s = 2*l - 3078. What are the prime factors of l?
1543
Let a = 119 - 19. Suppose 3*h - 3*z = 66, 5*h + 5*z + 10 = a. What are the prime factors of h?
2, 5
Let u be (-6)/(-3) - 0 - 10. What are the prime factors of (20 + u)/((-4)/(-38))?
2, 3, 19
Let d be (-24)/(-8) - (-248)/2. Let z = 207 - d. What are the prime factors of z?
2, 5
Suppose 7*z - 17*z = -4780. List the prime factors of z.
2, 239
Let z(h) = 465*h - 76. List the prime factors of z(4).
2, 223
Let q(d) = -2*d**2 - 11 + 5*d**2 - 6*d + 2*d**2. List the prime factors of q(8).
3, 29
Suppose 6*f + 6*f - 15132 = 0. What are the prime factors of f?
13, 97
Let l(r) = -4*r + 9. Let d be l(-7). Let c be (-15)/12*-4 - 1. Suppose -d = -c*a + 43. List the prime factors of a.
2, 5
Let n = 5903 - 3707. What are the prime factors of n?
2, 3, 61
Suppose 155 + 270 = 5*m. What are the prime factors of m?
5, 17
Let w(f) = f**3 + 7*f**2 - 8*f + 11. Let d = -35 - -28. List the prime factors of w(d).
67
Let g(q) = q**2 + 26*q + 22. List the prime factors of g(23).
3, 383
Let i be (-3)/4 + (-87)/(-4). Let u = i - 29. Let a = -6 - u. What are the prime factors of a?
2
List the prime factors of 10013/34 - 3/(-6).
5, 59
Suppose -3 - 1 = -m. Suppose -2*s = -m*s - 28. Let a(r) = -r**3 - 15*r**2 - 15*r - 8. List the prime factors of a(s).
2, 3
Suppose 7 = 4*y + 5*j, -6*y + 2*j = -2*y - 42. Let g = -4 + y. Suppose 4 = i - g. List the prime factors of i.
2
Let g(o) = 133*o**2 - 2*o + 6. What are the prime factors of g(2)?
2, 3, 89
Suppose d + 84 = 4*u + 4*d, -12 = -3*d. Suppose 0 = -5*j + u + 17. Let y = j + -3. What are the prime factors of y?
2
Suppose 41*a = 36*a - 10. Let d(z) = 11*z**2 + 3*z + 5. What are the prime factors of d(a)?
43
Suppose 0 = 13*j + 6*j - 44460. List the prime factors of j.
2, 3, 5, 13
Let k = -3929 + 7032. What are the prime factors of k?
29, 107
Let f(m) = 505*m + 135. List the prime factors of f(2).
5, 229
Let h(y) = 3*y**2 + y. Let s(b) = b**2 + 9*b + 13. Let f be s(-6). Let z be h(f). Let d = -40 + z. What are the prime factors of d?
2, 3, 5
Let g(p) = p**2 + 12*p - 15. Let w = -113 - -95. What are the prime factors of g(w)?
3, 31
Let f(w) = 23*w + 7. Let s be f(5). Let v = 25 + s. What are the prime factors of v?
3, 7
Suppose 22*o + 2330 = 23*o + 3*y, o - 2365 = 4*y. What are the prime factors of o?
5, 7, 67
Suppose -2*b + 10 = 5*t, 3*t + 25 = -0*b + 5*b. Suppose -2*u = -b*u. Suppose u*d = -v - 3*d - 3, -v - 5*d - 11 = 0. List the prime factors of v.
3
Let k = 20 + -44. Let a = k - -24. Suppose 8*m - 4*m - 100 = a. List the prime factors of m.
5
Let m(u) = 9*u + 1625. What are the prime factors of m(0)?
5, 13
Let a(d) = d**3 - 5*d**2 - 6*d + 4. Let u be a(6). Suppose -c = -2*c + 5*b + 2, c - 5 = u*b. Suppose 2*g - c = g. What are the prime factors of g?
17
Suppose 72*b + 6730 = 77*b. List the prime factors of b.
2, 673
Suppose 4*j - z = 177, -3*j = 4*z - 2*z - 119. Suppose 4*b = 12, 16 + j = i - 2*b. List the prime factors of i.
5, 13
Suppose -6 = p - 2. Let k be -3 + 0 + (-3)/(-3). Let o = k - p. List the prime factors of o.
2
Suppose -d - 5*x + 0*x + 10 = 0, 3*x = 3*d - 12. Suppose d*w + 795 = 10*w. What are the prime factors of w?
3, 53
Let d(w) = -w**3 - 7*w**2 + 8*w + 7. Let f be d(-8). Let o = f + -2. Suppose i - 3*s - 7 - 2 = 0, -i = o*s - 9. List the prime factors of i.
3
Let h(o) = o**3 - 11*o**2 + 3*o - 1. Let q = -11 - -5. Let b = 5 - q. What are the prime factors of h(b)?
2
Let l(v) be the third derivative of v**6/120 - v**5/24 + v**4/24 + 5*v**2. Let b(c) be the second derivative of l(c). List the prime factors of b(4).
19
Suppose 0*t = -4*t + 60. Suppose -3*d + t = -0*d. Suppose d*n = 2*n + 69. What are the prime factors of n?
23
Let i(z) = -z**2 - 6*z - 3*z**2 + 5*z**2 + 8. Let k be i(5). Suppose -4*q + k*q = -74. What are the prime factors of q?
2, 37
Suppose 5*k + z + 25 = 0, 2*k - 4*k + 4*z - 10 = 0. Let w be (34/4)/((-3)/(-6)). Let h = k + w. List the prime factors of h.
2, 3
Let q = 388 - 118. What are the prime factors of q?
2, 3, 5
Let i = 38 + -59. Let c = -6 - i. What are the prime factors of c?
3, 5
Suppose 3*w - 282 = 4*o, 0 = w - 4*o + 16 - 102. What are the prime factors of w?
2, 7
Let k = -14 - -50. Suppose -4*i + 0*i - k = 0. List the prime factors of (-78)/4*6/i.
13
What are the prime factors of (-777 - 3)/(7/((-112)/12))?
2, 5, 13
Let z be (4 - -6)/((-4)/4). Let f(x) = x**2 + x + 16. What are the prime factors of f(z)?
2, 53
Let r = 4568 - 2714. List the prime factors of r.
2, 3, 103
Suppose 3*y = 3*o - 53 - 4, y + 28 = -2*o. Let v(b) = 2*b - 12. Let t be v(7). List the prime factors of (-180)/y - t/11.
2
Let l(j) = -2*j**3 + 18*j**2 - 4*j - 5. What are the prime factors of l(5)?
5, 7
Let b(l) = 3*l**3 + 5*l**2 - 3*l - 1. Let d(g) = -7*g**3 - 9*g**2 + 6*g + 3. Let r = 14 - 12. Let u(p) = r*d(p) + 5*b(p). List the prime factors of u(-7).
2, 11
Let i(d) = -d + 16. Let f be i(10). Suppose p + f = -p, 2*p = -4*w + 82. What are the prime factors of w?
2, 11
Suppose y = -3*k + 930, 0*k + k - 2*y - 303 = 0. List the prime factors of k.
3, 103
Let w = -11562 - -16417. List the prime factors of w.
5, 971
Suppose -2*n + 2012 = 4*u - 1436, 0 = 5*u + 2*n - 4308. Suppose -u = -3*m - m - 3*j, 2*j = 0. What are the prime factors of m?
5, 43
Let j = 6 + 1. Suppose -4*n + j*n = -72. Let y = n - -52. List the prime factors of y.
2, 7
Suppose 0 = 2*a + 3*i - 7276, -5*a + 18195 = 7*i - 2*i. What are the prime factors of a?
11, 331
What are the prime factors of 2 + (0 - 4) + 3740/17?
2, 109
List the prime factors of ((-4)/(-6))/((-7)/(142905/(-10))).
1361
Let t(m) = -73*m + 65. What are the prime factors of t(-5)?
2, 5, 43
Suppose -5*v + 7*v = -o + 2706, 4*o = 2*v + 10824. List the prime factors of o.
2, 3, 11, 41
Let z(s) = -312*s - 477. What are the prime factors of z(-10)?
3, 881
Suppose -4*k + 28 = 8. Suppose -k*a = -1 - 229. Suppose a = 2*d + 4*u, -2*d + 49 = u + 2*u. List the prime factors of d.
29
Let v(l) = -l**2 + 4*l - 9. Suppose -5*h + 12 = -2*h. Let g be v(h). List the prime factors of -6*(g/6)/3.
3
Suppose -h + 11*h = 20. Suppose 0 = -h*j + 2, p + 3*p = 4*j + 24. List the prime factors of p.
7
Let k(p) = -9*p**2 + 0 + 3 + 8*p - 7*p - p**3 + 2*p. Let d be k(-9). Let t = d - -51. List the prime factors of t.
3
Let h(q) = q**3 + 2*q**2 + 11*q + 15. Let p be h(8). Suppose 0 = 2*o - 5*o + 3*l + 435, -5*o = 4*l - p. List the prime factors of o.
3, 7
Let b be 2 - (-3 + (-500)/2). Let q = b + -64. What are the prime factors of q?
191
Let v be 1054/(-30) + 2/15. Let h = 101 + v. List the prime factors of h.
2, 3, 11
Let a = -1104 + 2553. What are the prime factors of a?
3, 7, 23
Let d(i) = -i**3 + 9*i**2 - 13*i - 4. Let m be d(7). Suppose -5*j = m*l - 601, j - l - l = 115. List the prime factors of j.
7, 17
List the prime factors of (-3470)/4*1*(-8)/10.
2, 347
Suppose g = -o + 4*g - 8, g = 4*o - 12. Suppose r - 16 = o*m - 5*m, 3*r - 72 = 3*m. List the prime factors of r.
2, 5
List the prime factors of (514/4)/(61/732).
2, 3, 257
Let m = 378 - -268. List the prime factors of m.
2, 17, 19
Suppose 0*b + 15 = 5*b. Suppose 0 = l - 3, 2*p - 83 = -2*p + b*l. Let z = 55 - p. List the prime factors of z.
2
Let q(k) = k**3 - 7*k**2 + k + 1. Let t(r) = -5*r + 2. Let y be t(-1). List the prime factors of q(y).
2
What are the prime factors of (-20416)/(-377) - (-4)/(-26)?
2, 3
Suppose -6*d = 470 + 154. Let c = 1 - d. List the prime factors of c.
3, 5, 7
List the prime factors of 192*(-88)/(-16) - 4.
2, 263
Let f = -163 - -166. Let y(x) = x**3 - 3*x**2 + x - 1. Let r be y(3). Suppose -4*b + f*b - a + 25 = 0, b - 25 = -r*a. What are the prime factors of b?
5
Suppose -6*p = -4*g - 2*p + 6756, -2*p - 1687 = -g. What are the prime factors of g?
19, 89
Let l = 121 + 779. List the prime factors of l.
2, 3, 5
Suppose -4*w - 242 = -4*z - 6*w, -z + 65 = -4*w. Suppose 232 = -59*b + z*b. What are the prime factors of b?
2, 29
Suppose 7*d = 609 + 1309. Suppose -3*b + 4*j + d = 0, -3*j - 186 = -4*b + 177. What are the prime factors of b?
2, 3, 5
Let a(l) = -21*l + 1004. What are the prime factors of a(10)?
2, 397
Let d = -27 + -45. Let h = -104 - d. List the prime factors of (h/6)/((-3)/9).
2
Su